{"id":2385,"date":"2024-05-13T18:48:17","date_gmt":"2024-05-13T16:48:17","guid":{"rendered":"https:\/\/formacionmasculinidades.umh.es\/?page_id=2385"},"modified":"2024-06-10T17:30:34","modified_gmt":"2024-06-10T15:30:34","slug":"objetivos-corresponsabilidad","status":"publish","type":"page","link":"https:\/\/formacionmasculinidades.umh.es\/ca\/oferta-formativa\/hombres-corresponsabilidad\/objetivos-corresponsabilidad\/","title":{"rendered":"Borrador autom\u00e1tico"},"content":{"rendered":"<p>[et_pb_section fb_built=&#8221;1&#8243; _builder_version=&#8221;4.17.4&#8243; _module_preset=&#8221;default&#8221; background_enable_color=&#8221;off&#8221; background_image=&#8221;https:\/\/formacionmasculinidades.umh.es\/files\/2024\/06\/banner-masculinidades-1.png&#8221; width=&#8221;100%&#8221; module_alignment=&#8221;center&#8221; height=&#8221;270px&#8221; height_tablet=&#8221;270px&#8221; height_phone=&#8221;270px&#8221; height_last_edited=&#8221;on|phone&#8221; collapsed=&#8221;off&#8221; global_colors_info=&#8221;{}&#8221; theme_builder_area=&#8221;post_content&#8221;][\/et_pb_section][et_pb_section fb_built=&#8221;1&#8243; _builder_version=&#8221;4.17.4&#8243; _module_preset=&#8221;default&#8221; global_colors_info=&#8221;{}&#8221;][et_pb_row _builder_version=&#8221;4.17.4&#8243; _module_preset=&#8221;default&#8221; global_colors_info=&#8221;{}&#8221;][et_pb_column type=&#8221;4_4&#8243; _builder_version=&#8221;4.17.4&#8243; _module_preset=&#8221;default&#8221; global_colors_info=&#8221;{}&#8221;][et_pb_menu menu_id=&#8221;1463477&#8243; menu_style=&#8221;centered&#8221; active_link_color=&#8221;#538135&#8243; dropdown_menu_bg_color=&#8221;RGBA(255,255,255,0)&#8221; dropdown_menu_line_color=&#8221;#538135&#8243; dropdown_menu_text_color=&#8221;#538135&#8243; _builder_version=&#8221;4.17.4&#8243; _module_preset=&#8221;default&#8221; menu_font=&#8221;|700|||||||&#8221; menu_text_color=&#8221;#538135&#8243; menu_font_size=&#8221;20px&#8221; border_width_all=&#8221;3px&#8221; border_color_all=&#8221;#538135&#8243; global_colors_info=&#8221;{}&#8221;][\/et_pb_menu][\/et_pb_column][\/et_pb_row][\/et_pb_section][et_pb_section fb_built=&#8221;1&#8243; _builder_version=&#8221;4.17.4&#8243; _module_preset=&#8221;default&#8221; global_colors_info=&#8221;{}&#8221;][et_pb_row _builder_version=&#8221;4.17.4&#8243; _module_preset=&#8221;default&#8221; global_colors_info=&#8221;{}&#8221;][et_pb_column type=&#8221;4_4&#8243; _builder_version=&#8221;4.17.4&#8243; _module_preset=&#8221;default&#8221; global_colors_info=&#8221;{}&#8221;][et_pb_text admin_label=&#8221;Objetivos&#8221; _builder_version=&#8221;4.17.4&#8243; _module_preset=&#8221;default&#8221; global_colors_info=&#8221;{}&#8221;]<\/p>\n<h2 style=\"text-align: center\"><strong>Objetivos<\/strong><\/h2>\n<p>[\/et_pb_text][et_pb_divider color=&#8221;#538135&#8243; _builder_version=&#8221;4.17.4&#8243; _module_preset=&#8221;default&#8221; global_colors_info=&#8221;{}&#8221;][\/et_pb_divider][et_pb_text admin_label=&#8221;detalles &#8221; _builder_version=&#8221;4.17.4&#8243; _module_preset=&#8221;default&#8221; global_colors_info=&#8221;{}&#8221;]<\/p>\n<ul>\n<li style=\"text-align: justify\">Conocer los conceptos b\u00e1sicos sobre igualdad y equidad de g\u00e9nero.<\/li>\n<li style=\"text-align: justify\">Diferenciar compatibilidad, conciliaci\u00f3n, y corresponsabilidad desde la \u00f3ptica masculina.<\/li>\n<li style=\"text-align: justify\">Reflexionar sobre las implicaciones que el modelo de masculinidad tradicional, hegem\u00f3nico, machista y obsoleto tiene en los hombres y en su no involucraci\u00f3n en el mundo de los cuidados \u201cequitativamente\u201d.<\/li>\n<li style=\"text-align: justify\">Presentar modelos de paternidades conscientes, padres presentes y hombres cuidadores.<\/li>\n<li style=\"text-align: justify\">Analizar los mandatos de g\u00e9nero y su relaci\u00f3n con los cuidados poniendo el foco en la masculinidad y la educaci\u00f3n.<\/li>\n<li style=\"text-align: justify\">Reflexionar sobre el feminismo y la \u201cagenda feminista para hombres\u201d.<\/li>\n<li style=\"text-align: justify\">Analizar y formar sobre la situaci\u00f3n y los retos de los hombres ante los cambios provocados por las mujeres y favorecer el cambio de los hombres hacia nuevos patrones de relaci\u00f3n con las mujeres basados en la equidad de g\u00e9nero.<\/li>\n<li style=\"text-align: justify\">Sensibilizar, visibilizar y ofrecer gu\u00edas y buenas pr\u00e1cticas en materia de conciliaci\u00f3n y corresponsabilidad destinadas a hombres.<\/li>\n<li style=\"text-align: justify\">Concienciar a los varones sobre la importancia de la corresponsabilidad en el cuidado y atenci\u00f3n de los familiares a cargo.<\/li>\n<li style=\"text-align: justify\">Promover entre la poblaci\u00f3n masculina la importancia de la igualdad de g\u00e9nero en la atenci\u00f3n y el descanso de todos los miembros de la familia.<\/li>\n<li style=\"text-align: justify\">Conocer los beneficios de la corresponsabilidad y su necesidad para que exista equidad de g\u00e9nero y justicia social.<\/li>\n<li style=\"text-align: justify\">Ofrecer orientaciones para conseguir una organizaci\u00f3n corresponsable entrada en los hombres.<\/li>\n<li style=\"text-align: justify\">Dar a conocer derechos y ayudas para la conciliaci\u00f3n de la vida laboral, familiar y personal de mujeres y de hombres.<\/li>\n<\/ul>\n<p>[\/et_pb_text][\/et_pb_column][\/et_pb_row][\/et_pb_section]<\/p>\n","protected":false},"excerpt":{"rendered":"<p>Objetivos Conocer los conceptos b\u00e1sicos sobre igualdad y equidad de g\u00e9nero. Diferenciar compatibilidad, conciliaci\u00f3n, y corresponsabilidad desde la \u00f3ptica masculina. Reflexionar sobre las implicaciones que el modelo de masculinidad tradicional, hegem\u00f3nico, machista y obsoleto tiene en los hombres y en su no involucraci\u00f3n en el mundo de los cuidados \u201cequitativamente\u201d. Presentar modelos de paternidades conscientes, [&hellip;]<\/p>\n","protected":false},"author":25245,"featured_media":0,"parent":2370,"menu_order":0,"comment_status":"closed","ping_status":"closed","template":"","meta":{"_et_pb_use_builder":"on","_et_pb_old_content":"","_et_gb_content_width":"","_links_to":"","_links_to_target":""},"_links":{"self":[{"href":"https:\/\/formacionmasculinidades.umh.es\/ca\/wp-json\/wp\/v2\/pages\/2385"}],"collection":[{"href":"https:\/\/formacionmasculinidades.umh.es\/ca\/wp-json\/wp\/v2\/pages"}],"about":[{"href":"https:\/\/formacionmasculinidades.umh.es\/ca\/wp-json\/wp\/v2\/types\/page"}],"author":[{"embeddable":true,"href":"https:\/\/formacionmasculinidades.umh.es\/ca\/wp-json\/wp\/v2\/users\/25245"}],"replies":[{"embeddable":true,"href":"https:\/\/formacionmasculinidades.umh.es\/ca\/wp-json\/wp\/v2\/comments?post=2385"}],"version-history":[{"count":0,"href":"https:\/\/formacionmasculinidades.umh.es\/ca\/wp-json\/wp\/v2\/pages\/2385\/revisions"}],"up":[{"embeddable":true,"href":"https:\/\/formacionmasculinidades.umh.es\/ca\/wp-json\/wp\/v2\/pages\/2370"}],"wp:attachment":[{"href":"https:\/\/formacionmasculinidades.umh.es\/ca\/wp-json\/wp\/v2\/media?parent=2385"}],"curies":[{"name":"wp","href":"https:\/\/api.w.org\/{rel}","templated":true}]}}

Borrador automático

<p>[et_pb_section fb_built=&#8221;1&#8243; _builder_version=&#8221;4.17.4&#8243; _module_preset=&#8221;default&#8221; background_enable_color=&#8221;off&#8221; background_image=&#8221;https://formacionmasculinidades.umh.es/files/2024/06/banner-masculinidades-1.png&#8221; width=&#8221;100%&#8221; module_alignment=&#8221;center&#8221; height=&#8221;270px&#8221; height_tablet=&#8221;270px&#8221; height_phone=&#8221;270px&#8221; height_last_edited=&#8221;on|phone&#8221; collapsed=&#8221;off&#8221; global_colors_info=&#8221;{}&#8221; theme_builder_area=&#8221;post_content&#8221;][/et_pb_section][et_pb_section fb_built=&#8221;1&#8243; _builder_version=&#8221;4.17.4&#8243; _module_preset=&#8221;default&#8221; global_colors_info=&#8221;{}&#8221;][et_pb_row _builder_version=&#8221;4.17.4&#8243; _module_preset=&#8221;default&#8221; global_colors_info=&#8221;{}&#8221;][et_pb_column type=&#8221;4_4&#8243; _builder_version=&#8221;4.17.4&#8243; _module_preset=&#8221;default&#8221; global_colors_info=&#8221;{}&#8221;][et_pb_menu menu_id=&#8221;1463477&#8243; menu_style=&#8221;centered&#8221; active_link_color=&#8221;#538135&#8243; dropdown_menu_bg_color=&#8221;RGBA(255,255,255,0)&#8221; dropdown_menu_line_color=&#8221;#538135&#8243; dropdown_menu_text_color=&#8221;#538135&#8243; _builder_version=&#8221;4.17.4&#8243; _module_preset=&#8221;default&#8221; menu_font=&#8221;|700|||||||&#8221; menu_text_color=&#8221;#538135&#8243; menu_font_size=&#8221;20px&#8221; border_width_all=&#8221;3px&#8221; border_color_all=&#8221;#538135&#8243; global_colors_info=&#8221;{}&#8221;][/et_pb_menu][/et_pb_column][/et_pb_row][/et_pb_section][et_pb_section fb_built=&#8221;1&#8243; _builder_version=&#8221;4.17.4&#8243; _module_preset=&#8221;default&#8221; global_colors_info=&#8221;{}&#8221;][et_pb_row _builder_version=&#8221;4.17.4&#8243; _module_preset=&#8221;default&#8221; global_colors_info=&#8221;{}&#8221;][et_pb_column type=&#8221;4_4&#8243; _builder_version=&#8221;4.17.4&#8243; _module_preset=&#8221;default&#8221; global_colors_info=&#8221;{}&#8221;][et_pb_text admin_label=&#8221;Objetivos&#8221; _builder_version=&#8221;4.17.4&#8243; _module_preset=&#8221;default&#8221; global_colors_info=&#8221;{}&#8221;]</p>
<h2 style="text-align: center"><strong>Objetivos</strong></h2>
<p>[/et_pb_text][et_pb_divider color=&#8221;#538135&#8243; _builder_version=&#8221;4.17.4&#8243; _module_preset=&#8221;default&#8221; global_colors_info=&#8221;{}&#8221;][/et_pb_divider][et_pb_text admin_label=&#8221;detalles &#8221; _builder_version=&#8221;4.17.4&#8243; _module_preset=&#8221;default&#8221; global_colors_info=&#8221;{}&#8221;]</p>
<ul>
<li style="text-align: justify">Conocer los conceptos básicos sobre igualdad y equidad de género.</li>
<li style="text-align: justify">Diferenciar compatibilidad, conciliación, y corresponsabilidad desde la óptica masculina.</li>
<li style="text-align: justify">Reflexionar sobre las implicaciones que el modelo de masculinidad tradicional, hegemónico, machista y obsoleto tiene en los hombres y en su no involucración en el mundo de los cuidados “equitativamente”.</li>
<li style="text-align: justify">Presentar modelos de paternidades conscientes, padres presentes y hombres cuidadores.</li>
<li style="text-align: justify">Analizar los mandatos de género y su relación con los cuidados poniendo el foco en la masculinidad y la educación.</li>
<li style="text-align: justify">Reflexionar sobre el feminismo y la “agenda feminista para hombres”.</li>
<li style="text-align: justify">Analizar y formar sobre la situación y los retos de los hombres ante los cambios provocados por las mujeres y favorecer el cambio de los hombres hacia nuevos patrones de relación con las mujeres basados en la equidad de género.</li>
<li style="text-align: justify">Sensibilizar, visibilizar y ofrecer guías y buenas prácticas en materia de conciliación y corresponsabilidad destinadas a hombres.</li>
<li style="text-align: justify">Concienciar a los varones sobre la importancia de la corresponsabilidad en el cuidado y atención de los familiares a cargo.</li>
<li style="text-align: justify">Promover entre la población masculina la importancia de la igualdad de género en la atención y el descanso de todos los miembros de la familia.</li>
<li style="text-align: justify">Conocer los beneficios de la corresponsabilidad y su necesidad para que exista equidad de género y justicia social.</li>
<li style="text-align: justify">Ofrecer orientaciones para conseguir una organización corresponsable entrada en los hombres.</li>
<li style="text-align: justify">Dar a conocer derechos y ayudas para la conciliación de la vida laboral, familiar y personal de mujeres y de hombres.</li>
</ul>
<p>[/et_pb_text][/et_pb_column][/et_pb_row][/et_pb_section]</p>

<p>Objetivos Conocer los conceptos básicos sobre igualdad y equidad de género. Diferenciar compatibilidad, conciliación, y corresponsabilidad desde la óptica masculina. Reflexionar sobre las implicaciones que el modelo de masculinidad tradicional, hegemónico, machista y obsoleto tiene en los hombres y en su no involucración en el mundo de los cuidados “equitativamente”. Presentar modelos de paternidades conscientes, [&hellip;]</p>
