{"id":2805,"date":"2024-05-24T18:20:39","date_gmt":"2024-05-24T16:20:39","guid":{"rendered":"https:\/\/formacionmasculinidades.umh.es\/?page_id=2805"},"modified":"2024-09-16T10:33:19","modified_gmt":"2024-09-16T08:33:19","slug":"ediciones-hombres-violencias","status":"publish","type":"page","link":"https:\/\/formacionmasculinidades.umh.es\/en\/oferta-formativa\/hombres-violencia-genero\/ediciones-hombres-violencias\/","title":{"rendered":"Borrador autom\u00e1tico"},"content":{"rendered":"<p>[et_pb_section fb_built=&#8221;1&#8243; _builder_version=&#8221;4.17.4&#8243; _module_preset=&#8221;default&#8221; background_enable_color=&#8221;off&#8221; background_image=&#8221;https:\/\/formacionmasculinidades.umh.es\/files\/2024\/06\/banner-masculinidades-1.png&#8221; width=&#8221;100%&#8221; module_alignment=&#8221;center&#8221; height=&#8221;270px&#8221; height_tablet=&#8221;270px&#8221; height_phone=&#8221;270px&#8221; height_last_edited=&#8221;on|phone&#8221; collapsed=&#8221;off&#8221; global_colors_info=&#8221;{}&#8221;][\/et_pb_section][et_pb_section fb_built=&#8221;1&#8243; _builder_version=&#8221;4.17.4&#8243; _module_preset=&#8221;default&#8221; global_colors_info=&#8221;{}&#8221;][et_pb_row _builder_version=&#8221;4.17.4&#8243; _module_preset=&#8221;default&#8221; global_colors_info=&#8221;{}&#8221;][et_pb_column type=&#8221;4_4&#8243; _builder_version=&#8221;4.17.4&#8243; _module_preset=&#8221;default&#8221; global_colors_info=&#8221;{}&#8221;][et_pb_menu menu_id=&#8221;1480880&#8243; menu_style=&#8221;centered&#8221; active_link_color=&#8221;#8300E9&#8243; _builder_version=&#8221;4.17.4&#8243; _module_preset=&#8221;default&#8221; menu_font=&#8221;|700|||||||&#8221; menu_text_color=&#8221;#8300E9&#8243; menu_font_size=&#8221;19px&#8221; border_width_all=&#8221;3px&#8221; border_color_all=&#8221;#8300E9&#8243; global_colors_info=&#8221;{}&#8221;][\/et_pb_menu][\/et_pb_column][\/et_pb_row][\/et_pb_section][et_pb_section fb_built=&#8221;1&#8243; _builder_version=&#8221;4.17.4&#8243; _module_preset=&#8221;default&#8221; global_colors_info=&#8221;{}&#8221;][et_pb_row _builder_version=&#8221;4.17.4&#8243; _module_preset=&#8221;default&#8221; global_colors_info=&#8221;{}&#8221;][et_pb_column type=&#8221;4_4&#8243; _builder_version=&#8221;4.17.4&#8243; _module_preset=&#8221;default&#8221; global_colors_info=&#8221;{}&#8221;][et_pb_text admin_label=&#8221;Ediciones&#8221; _builder_version=&#8221;4.17.4&#8243; _module_preset=&#8221;default&#8221; global_colors_info=&#8221;{}&#8221;]<\/p>\n<h2 style=\"text-align: center\"><strong>Ediciones<\/strong><\/h2>\n<p>[\/et_pb_text][et_pb_divider color=&#8221;#8300E9&#8243; _builder_version=&#8221;4.17.4&#8243; _module_preset=&#8221;default&#8221; global_colors_info=&#8221;{}&#8221;][\/et_pb_divider][et_pb_text _builder_version=&#8221;4.17.4&#8243; _module_preset=&#8221;default&#8221; global_colors_info=&#8221;{}&#8221;]<\/p>\n<p style=\"text-align: center\">En la actualidad se encuentra abierta la <strong>I Edici\u00f3n\u00a0<\/strong>del curso, abierta a todas las personas que quieran inscribirse<\/p>\n<p>[\/et_pb_text][et_pb_divider color=&#8221;#8300E9&#8243; _builder_version=&#8221;4.17.4&#8243; _module_preset=&#8221;default&#8221; global_colors_info=&#8221;{}&#8221;][\/et_pb_divider][et_pb_text admin_label=&#8221;Ediciones&#8221; _builder_version=&#8221;4.17.4&#8243; _module_preset=&#8221;default&#8221; global_colors_info=&#8221;{}&#8221;]<\/p>\n<h2 style=\"text-align: center\"><strong>INFORMACI\u00d3N GENERAL<\/strong><\/h2>\n<h2 style=\"text-align: center\"><strong>1\u00aa Edici\u00f3n<\/strong><\/h2>\n<p>[\/et_pb_text][et_pb_text admin_label=&#8221;Edicion actual&#8221; _builder_version=&#8221;4.17.4&#8243; _module_preset=&#8221;default&#8221; global_colors_info=&#8221;{}&#8221;]<\/p>\n<p style=\"text-align: center\"><strong>Fechas:<br \/><span style=\"color: #8300e9\">Del 23 de septiembre al 18 de noviembre de 2024<\/span><\/strong><\/p>\n<p style=\"text-align: center\"><strong>Inscripci\u00f3n:<br \/><\/strong><span style=\"color: #8300e9\"><strong>Del 2 al 18 de septiembre de 2024<\/strong><\/span><\/p>\n<p style=\"text-align: center\"><strong>Precio matr\u00edcula:<br \/><span style=\"color: #8300e9\">150\u20ac (por persona)<\/span><\/strong><\/p>\n<p style=\"text-align: center\"><strong>Alumnado:<br \/><span style=\"color: #8300e9\">20 personas por edici\u00f3n<\/span><\/strong><\/p>\n<p style=\"text-align: center\"><strong>Duraci\u00f3n:<\/strong><br \/><span style=\"color: #8300e9\"><strong>curso de 1,5 ECTS (equivalente a 37,5 horas)<br \/>8 semanas<\/strong><\/span><\/p>\n<p style=\"text-align: center\"><strong>Modalidad:<\/strong><br \/><span style=\"color: #8300e9\"><strong>100% online<\/strong><\/span><\/p>\n<p style=\"text-align: center\"><strong>Coordina:<\/strong><br \/><span style=\"color: #8300e9\"><strong>Dra. Anastasia T\u00e9llez Infantes (UMH)<\/strong><\/span><\/p>\n<p style=\"text-align: center\"><strong>Organiza:<\/strong><br \/><span style=\"color: #8300e9\"><strong>Observatorio de las Masculinidades<\/strong><\/span><br \/><span style=\"color: #8300e9\"> <strong>Grupo de Investigaci\u00f3n ECULGE<\/strong><\/span><br \/><span style=\"color: #8300e9\"> <strong>Universidad Miguel Hern\u00e1ndez de Elche<\/strong><\/span><\/p>\n<p style=\"text-align: center\"><strong>Contacto:<\/strong><br \/><span style=\"color: #8300e9\"><strong><a class=\"mail-link\" style=\"color: #8300e9\" href=\"mailto:violenciagenero@umh.es\" target=\"_blank\" rel=\"noopener\" data-enc-email=\"pbeerfcbafnovyvqnq[at]hzu.rf\" data-wpel-link=\"ignore\"><span id=\"eeb-811347-755649\">violenciagenero@umh.es<\/span><\/a><\/strong><\/span><\/p>\n<p style=\"text-align: center\"><strong>Informaci\u00f3n e inscripci\u00f3n:<\/strong><br \/><a href=\"https:\/\/umh.es\/contenido\/Estudios\/:tit_fpo_15228\/datos_es.html\" target=\"_blank\" rel=\"noopener\"><span style=\"color: #8300e9\"><strong>umh.es<\/strong><\/span><\/a><\/p>\n<p>[\/et_pb_text][\/et_pb_column][\/et_pb_row][\/et_pb_section]<\/p>\n","protected":false},"excerpt":{"rendered":"<p>EdicionesEn la actualidad se encuentra abierta la I Edici\u00f3n\u00a0del curso, abierta a todas las personas que quieran inscribirseINFORMACI\u00d3N GENERAL 1\u00aa Edici\u00f3nFechas:Del 23 de septiembre al 18 de noviembre de 2024 Inscripci\u00f3n:Del 2 al 18 de septiembre de 2024 Precio matr\u00edcula:150\u20ac (por persona) Alumnado:20 personas por edici\u00f3n Duraci\u00f3n:curso de 1,5 ECTS (equivalente a 37,5 horas)8 semanas [&hellip;]<\/p>\n","protected":false},"author":25245,"featured_media":0,"parent":2521,"menu_order":0,"comment_status":"closed","ping_status":"closed","template":"","meta":{"_et_pb_use_builder":"on","_et_pb_old_content":"","_et_gb_content_width":"","_links_to":"","_links_to_target":""},"_links":{"self":[{"href":"https:\/\/formacionmasculinidades.umh.es\/en\/wp-json\/wp\/v2\/pages\/2805"}],"collection":[{"href":"https:\/\/formacionmasculinidades.umh.es\/en\/wp-json\/wp\/v2\/pages"}],"about":[{"href":"https:\/\/formacionmasculinidades.umh.es\/en\/wp-json\/wp\/v2\/types\/page"}],"author":[{"embeddable":true,"href":"https:\/\/formacionmasculinidades.umh.es\/en\/wp-json\/wp\/v2\/users\/25245"}],"replies":[{"embeddable":true,"href":"https:\/\/formacionmasculinidades.umh.es\/en\/wp-json\/wp\/v2\/comments?post=2805"}],"version-history":[{"count":0,"href":"https:\/\/formacionmasculinidades.umh.es\/en\/wp-json\/wp\/v2\/pages\/2805\/revisions"}],"up":[{"embeddable":true,"href":"https:\/\/formacionmasculinidades.umh.es\/en\/wp-json\/wp\/v2\/pages\/2521"}],"wp:attachment":[{"href":"https:\/\/formacionmasculinidades.umh.es\/en\/wp-json\/wp\/v2\/media?parent=2805"}],"curies":[{"name":"wp","href":"https:\/\/api.w.org\/{rel}","templated":true}]}}

Borrador automático

<p>[et_pb_section fb_built=&#8221;1&#8243; _builder_version=&#8221;4.17.4&#8243; _module_preset=&#8221;default&#8221; background_enable_color=&#8221;off&#8221; background_image=&#8221;https://formacionmasculinidades.umh.es/files/2024/06/banner-masculinidades-1.png&#8221; width=&#8221;100%&#8221; module_alignment=&#8221;center&#8221; height=&#8221;270px&#8221; height_tablet=&#8221;270px&#8221; height_phone=&#8221;270px&#8221; height_last_edited=&#8221;on|phone&#8221; collapsed=&#8221;off&#8221; global_colors_info=&#8221;{}&#8221;][/et_pb_section][et_pb_section fb_built=&#8221;1&#8243; _builder_version=&#8221;4.17.4&#8243; _module_preset=&#8221;default&#8221; global_colors_info=&#8221;{}&#8221;][et_pb_row _builder_version=&#8221;4.17.4&#8243; _module_preset=&#8221;default&#8221; global_colors_info=&#8221;{}&#8221;][et_pb_column type=&#8221;4_4&#8243; _builder_version=&#8221;4.17.4&#8243; _module_preset=&#8221;default&#8221; global_colors_info=&#8221;{}&#8221;][et_pb_menu menu_id=&#8221;1480880&#8243; menu_style=&#8221;centered&#8221; active_link_color=&#8221;#8300E9&#8243; _builder_version=&#8221;4.17.4&#8243; _module_preset=&#8221;default&#8221; menu_font=&#8221;|700|||||||&#8221; menu_text_color=&#8221;#8300E9&#8243; menu_font_size=&#8221;19px&#8221; border_width_all=&#8221;3px&#8221; border_color_all=&#8221;#8300E9&#8243; global_colors_info=&#8221;{}&#8221;][/et_pb_menu][/et_pb_column][/et_pb_row][/et_pb_section][et_pb_section fb_built=&#8221;1&#8243; _builder_version=&#8221;4.17.4&#8243; _module_preset=&#8221;default&#8221; global_colors_info=&#8221;{}&#8221;][et_pb_row _builder_version=&#8221;4.17.4&#8243; _module_preset=&#8221;default&#8221; global_colors_info=&#8221;{}&#8221;][et_pb_column type=&#8221;4_4&#8243; _builder_version=&#8221;4.17.4&#8243; _module_preset=&#8221;default&#8221; global_colors_info=&#8221;{}&#8221;][et_pb_text admin_label=&#8221;Ediciones&#8221; _builder_version=&#8221;4.17.4&#8243; _module_preset=&#8221;default&#8221; global_colors_info=&#8221;{}&#8221;]</p>
<h2 style="text-align: center"><strong>Ediciones</strong></h2>
<p>[/et_pb_text][et_pb_divider color=&#8221;#8300E9&#8243; _builder_version=&#8221;4.17.4&#8243; _module_preset=&#8221;default&#8221; global_colors_info=&#8221;{}&#8221;][/et_pb_divider][et_pb_text _builder_version=&#8221;4.17.4&#8243; _module_preset=&#8221;default&#8221; global_colors_info=&#8221;{}&#8221;]</p>
<p style="text-align: center">En la actualidad se encuentra abierta la <strong>I Edición </strong>del curso, abierta a todas las personas que quieran inscribirse</p>
<p>[/et_pb_text][et_pb_divider color=&#8221;#8300E9&#8243; _builder_version=&#8221;4.17.4&#8243; _module_preset=&#8221;default&#8221; global_colors_info=&#8221;{}&#8221;][/et_pb_divider][et_pb_text admin_label=&#8221;Ediciones&#8221; _builder_version=&#8221;4.17.4&#8243; _module_preset=&#8221;default&#8221; global_colors_info=&#8221;{}&#8221;]</p>
<h2 style="text-align: center"><strong>INFORMACIÓN GENERAL</strong></h2>
<h2 style="text-align: center"><strong>1ª Edición</strong></h2>
<p>[/et_pb_text][et_pb_text admin_label=&#8221;Edicion actual&#8221; _builder_version=&#8221;4.17.4&#8243; _module_preset=&#8221;default&#8221; global_colors_info=&#8221;{}&#8221;]</p>
<p style="text-align: center"><strong>Fechas:<br /><span style="color: #8300e9">Del 23 de septiembre al 18 de noviembre de 2024</span></strong></p>
<p style="text-align: center"><strong>Inscripción:<br /></strong><span style="color: #8300e9"><strong>Del 2 al 18 de septiembre de 2024</strong></span></p>
<p style="text-align: center"><strong>Precio matrícula:<br /><span style="color: #8300e9">150€ (por persona)</span></strong></p>
<p style="text-align: center"><strong>Alumnado:<br /><span style="color: #8300e9">20 personas por edición</span></strong></p>
<p style="text-align: center"><strong>Duración:</strong><br /><span style="color: #8300e9"><strong>curso de 1,5 ECTS (equivalente a 37,5 horas)<br />8 semanas</strong></span></p>
<p style="text-align: center"><strong>Modalidad:</strong><br /><span style="color: #8300e9"><strong>100% online</strong></span></p>
<p style="text-align: center"><strong>Coordina:</strong><br /><span style="color: #8300e9"><strong>Dra. Anastasia Téllez Infantes (UMH)</strong></span></p>
<p style="text-align: center"><strong>Organiza:</strong><br /><span style="color: #8300e9"><strong>Observatorio de las Masculinidades</strong></span><br /><span style="color: #8300e9"> <strong>Grupo de Investigación ECULGE</strong></span><br /><span style="color: #8300e9"> <strong>Universidad Miguel Hernández de Elche</strong></span></p>
<p style="text-align: center"><strong>Contacto:</strong><br /><span style="color: #8300e9"><strong><a class="mail-link" style="color: #8300e9" href="mailto:violenciagenero@umh.es" target="_blank" rel="noopener" data-enc-email="pbeerfcbafnovyvqnq[at]hzu.rf" data-wpel-link="ignore"><span id="eeb-811347-755649">violenciagenero@umh.es</span></a></strong></span></p>
<p style="text-align: center"><strong>Información e inscripción:</strong><br /><a href="https://umh.es/contenido/Estudios/:tit_fpo_15228/datos_es.html" target="_blank" rel="noopener"><span style="color: #8300e9"><strong>umh.es</strong></span></a></p>
<p>[/et_pb_text][/et_pb_column][/et_pb_row][/et_pb_section]</p>

<p>EdicionesEn la actualidad se encuentra abierta la I Edición del curso, abierta a todas las personas que quieran inscribirseINFORMACIÓN GENERAL 1ª EdiciónFechas:Del 23 de septiembre al 18 de noviembre de 2024 Inscripción:Del 2 al 18 de septiembre de 2024 Precio matrícula:150€ (por persona) Alumnado:20 personas por edición Duración:curso de 1,5 ECTS (equivalente a 37,5 horas)8 semanas [&hellip;]</p>
